188838313 composite?
False
Is 1263659 composite?
False
Is 7995839 composite?
False
Is 732317 a prime number?
False
Is 2132749 a prime number?
True
Is 82856969 prime?
False
Is 1611809 prime?
True
Is 28471307 a prime number?
True
Is 10147337 composite?
False
Is 5446871 prime?
True
Is 106153769 a prime number?
True
Is 8946023 composite?
True
Is 55809719 a composite number?
True
Is 64083401 a prime number?
True
Is 14155553 a composite number?
False
Is 17148377 a composite number?
False
Is 23585323 a prime number?
False
Is 1338637 a prime number?
True
Is 81958271 a composite number?
True
Is 265770991 composite?
True
Is 781087 a composite number?
False
Is 4690921 a prime number?
True
Is 67767719 a prime number?
True
Is 12651931 a composite number?
True
Is 18258662 composite?
True
Is 2281289099 composite?
True
Is 63930677 prime?
False
Is 11213899 a composite number?
True
Is 9546839 prime?
True
Is 13416457 a prime number?
True
Is 39872489 a composite number?
True
Is 7436707 a prime number?
True
Is 2120302 prime?
False
Is 8423549 a prime number?
True
Is 16052327 a prime number?
False
Is 14096809 a prime number?
True
Is 40365209 a composite number?
False
Is 18761462 a composite number?
True
Is 2540221 a composite number?
True
Is 987022787 prime?
False
Is 12977651 prime?
True
Is 5177869 a composite number?
False
Is 1805414791 composite?
False
Is 47779021 a prime number?
True
Is 43234382 a prime number?
False
Is 463093 a prime number?
True
Is 992117 a prime number?
False
Is 4988831 a prime number?
True
Is 494291999 composite?
False
Is 22977401 a prime number?
True
Is 1981349 a prime number?
True
Is 7037851 composite?
True
Is 420671 composite?
False
Is 5662697 a prime number?
True
Is 1683713 prime?
False
Is 90779027 composite?
False
Is 32528149 prime?
False
Is 20887909 prime?
False
Is 469213 composite?
True
Is 675433 a prime number?
False
Is 86818967 prime?
True
Is 197572223 a composite number?
False
Is 35307634 prime?
False
Is 232418957 composite?
False
Is 182052417 composite?
True
Is 7168787 composite?
True
Is 2404177 composite?
True
Is 175642507 composite?
False
Is 2262895 composite?
True
Is 120319 prime?
True
Is 82897277 a composite number?
True
Is 7792121 composite?
False
Is 53435 prime?
False
Is 62602019 prime?
True
Is 137140463 composite?
True
Is 94532873 prime?
True
Is 75513017 a composite number?
False
Is 490589081 a composite number?
False
Is 6098759 composite?
False
Is 6494617 composite?
True
Is 471533 a prime number?
True
Is 37578997 a prime number?
False
Is 37215179 a prime number?
True
Is 43752651 a prime number?
False
Is 64104301 composite?
False
Is 3244639 prime?
False
Is 175733317 composite?
True
Is 677749 a prime number?
False
Is 85320767 prime?
False
Is 2045767 composite?
True
Is 13405997 composite?
True
Is 358740161 composite?
True
Is 57418337 a prime number?
False
Is 139749553 composite?
False
Is 45390607 a prime number?
False
Is 1399963 prime?
True
Is 74945513 composite?
False
Is 114686729 composite?
True
Is 481637 a composite number?
True
Is 4478741 prime?
True
Is 9341837 composite?
False
Is 43999591 a composite number?
False
Is 266279501 a composite number?
False
Is 104459395 composite?
True
Is 149638877 composite?
True
Is 3946447 prime?
True
Is 1953151 a composite number?
False
Is 9718361 prime?
True
Is 75890701 prime?
True
Is 25354363 prime?
True
Is 66759533 a composite number?
False
Is 2274001 composite?
True
Is 97553333 a prime number?
False
Is 7736501 a prime number?
True
Is 24524173 prime?
True
Is 27847609 a composite number?
True
Is 23959823 composite?
False
Is 93767617 a composite number?
False
Is 49963681 a composite number?
False
Is 1768997 a prime number?
False
Is 91646735 a composite number?
True
Is 13365481 a prime number?
True
Is 8406043 prime?
True
Is 29230973 composite?
True
Is 43255673 prime?
False
Is 489073633 composite?
True
Is 6541693 a prime number?
True
Is 56744947 a prime number?
False
Is 6061063 a prime number?
False
Is 52468999 a prime number?
False
Is 29590663 a prime number?
False
Is 11818913 a composite number?
False
Is 118746533 composite?
False
Is 950671 a prime number?
True
Is 334351447 a composite number?
False
Is 332919371 a composite number?
False
Is 636324907 a composite number?
False
Is 19871171 a composite number?
False
Is 8023501 a prime number?
False
Is 712051 a prime number?
True
Is 725579 composite?
False
Is 2479717 composite?
False
Is 52041607 a composite number?
True
Is 46062013 a composite number?
False
Is 11626313 a composite number?
False
Is 2417339 prime?
True
Is 15951238 composite?
True
Is 227058859 composite?
False
Is 28375513 a composite number?
False
Is 3638521 composite?
False
Is 10415723 composite?
False
Is 100477519 a prime number?
True
Is 20800803 a prime number?
False
Is 42037 composite?
True
Is 218847 prime?
False
Is 633858613 composite?
False
Is 3907522 composite?
True
Is 516207 a prime number?
False
Is 4523861 composite?
True
Is 86404177 a composite number?
False
Is 89252021 a composite number?
True
Is 53369027 a prime number?
True
Is 2197157 a composite number?
False
Is 6543059 composite?
False
Is 2048714 prime?
False
Is 1496179 composite?
True
Is 2386807 a composite number?
True
Is 721 prime?
False
Is 138913297 a composite number?
True
Is 28717391 prime?
True
Is 1325063 a composite number?
False
Is 22746721 composite?
True
Is 13299602 a prime number?
False
Is 36039013 prime?
True
Is 6452197 a prime number?
False
Is 2665136977 a composite number?
False
Is 12650639 composite?
False
Is 5108069 a composite number?
True
Is 47110061 composite?
True
Is 7651231 a composite number?
True
Is 4414561 prime?
False
Is 3703001 a prime number?
True
Is 19044763 composite?
False
Is 69616537 a prime number?
True
Is 1393871 a prime number?
True
Is 8761843 a prime number?
True
Is 430763 a composite number?
True
Is 360623 a prime number?
False
Is 1656041 a composite number?
True
Is 557853571 a composite number?
True
Is 4862843 composite?
False
Is 173920745 a composite number?
True
Is 161573549 composite?
True
Is 36677435 prime?
False
Is 7446773 a composite number?
False
Is 6218713 composite?
False
Is 12042917 a composite number?
True
Is 4809859 prime?
True
Is 28609627 a composite number?
False
Is 192518 a composite number?
True
Is 2500331 prime?
True
Is 13671421 a prime number?
False
Is 72628823 a composite number?
True
Is 25463579 prime?
True
Is 60090373 prime?
False
Is 1118389 a composite number?
True
Is 283682167 a prime number?
False
Is 9317653 composite?
False
Is 93024637 composite?
False
Is 281243 composite?
False
Is 22584682 a composite number?
True
Is 2363307 a composite number?
True
Is 199249 prime?
False
Is 3332761 prime?
True
Is 54008441 composite?
False
Is 3640813 a composite number?
True
Is 1362503 composite?
True
Is 7501631 a composite number?
True
Is 107461547 a composite number?
True
Is 774979 composite?
True
Is 23810543 a composite number?
True
Is 24234935 a composite number?
True
Is 177358919 a composite number?
True
Is 87014846 a prime number?
False
Is 1630889 a prime number?
False
Is 591682817 a composite number?
True
Is 250673 a composite number?
False
Is 22524581 a prime number?
False
Is 9415631 prime?
False
Is 11069621 prime?
True
Is 15161249 a prime number?
True
Is 70713967 composite?
True
Is 38149 prime?
True
Is 125669 a prime number?
True
Is 5349595 a prime number?
False
Is 71849983 a composite number?
True
Is 124423671 a composite number?
True
Is 1322021 a prime number?
True
Is 96522359 composite?
False
Is 271721 a prime number?
False
Is 17662639 prime?
True
Is 3293399 a composite number?
False
Is 75537733 prime?
True
Is 65147441 a prime number?
False
Is 22505683 prime?
False
Is 605667 composite?
True
Is 22827557 a composite number?
True
Is 4860689 a composite number?
True
Is 1336651 a prime number?
False
Is 6884987 a prime number?
False
Is 11020357 a prime number?
True
Is 11791883 a composite number?
False
Is 10024279 composite?
False
Is 202717 prime?
True
Is 154863617 prime?
True
Is 36546203 a prime number?
False
Is 53871553 composite?
False
Is 169424123 prime?
False
Is 250979 prime?
True
Is 36160055 a composite number?
True
Is 15662357 prime?
True
Is 1703558369 a composite number?
False
Is 14893509 composite?
True
Is 7099223 a prime number?
True
Is 415858969 a